 n and 182.
26
Let d = 379 + -75. What is the highest common factor of d and 16?
16
Let i = -175 + 327. Calculate the greatest common divisor of i and 266.
38
Let a = 59 - 32. Let u be (-73)/(-4) - (-77)/(-308). What is the highest common factor of a and u?
9
Let p be (1197/114)/((-1)/(-2)). Calculate the highest common factor of p and 35.
7
Suppose 19 = 2*l + 3*n - 2*n, 40 = 4*l + 4*n. Suppose -3*p = -l*p + 18. Calculate the highest common factor of 3 and p.
3
Let j(i) = 2*i**3 - 13 - 3*i + 30*i**2 - 41 - i**3 + 18. Let v be j(-30). What is the highest common divisor of v and 432?
54
Let x(i) = -2*i + 5. Let m be x(0). Suppose 0 = 7*d - m*d - 6. Suppose -3*z + 3 = d*l - 2*z, 3 = -z. Calculate the greatest common factor of 4 and l.
2
Suppose 0 = l - 3*q - 11 - 10, 5*q + 75 = 5*l. Let f = l + -2. Calculate the highest common divisor of 50 and f.
10
Suppose 0 = -2*z - o - 4, 3*z + 4*o + 6 = -0. Let b be 6/(-5 - z) - -3. Let q be ((-6)/2 - -6)*b. What is the greatest common factor of 15 and q?
3
Suppose -o = 2*u - 1278, 6*o + 3*u + 6351 = 11*o. What is the highest common divisor of 24 and o?
24
Suppose -8*t = -96 - 24. What is the greatest common divisor of t and 155?
5
Let l = 17 - -35. Let f be l - (0 + -5 + 1). Suppose 5*g + 7*i = 2*i + 145, -2*g - 4*i + f = 0. Calculate the highest common factor of g and 10.
10
Let r be (-2)/(-20) - (-4939)/110. What is the highest common factor of r and 1?
1
Let b be (24/(-20))/(1/(-10)). Let j = b + -12. Suppose 4*q = 4*h + h - 64, -3*q - 3 = j. Calculate the greatest common factor of h and 96.
12
Let t = 9611 - 4696. Suppose -4*s + t = s. Suppose s + 367 = 5*o. Calculate the highest common factor of o and 30.
30
Suppose 52 = 2*z + 2*l, 5*z + l - 122 = -0*z. Calculate the greatest common divisor of z and 312.
24
Let a(m) = 168*m - 7. Let g be a(1). What is the greatest common factor of g and 46?
23
Suppose 0 = 5*u - u + 2*y - 2232, 0 = -5*u - 4*y + 2784. Calculate the greatest common factor of u and 35.
35
Let i be -4 - 1 - (-112 - 16/(-8)). What is the highest common divisor of i and 70?
35
Suppose 12 = 8*g - 2*g. Suppose g*q - 40 + 16 = 0. What is the greatest common divisor of 12 and q?
12
Let q(r) = -r**3 + 2*r**2 + 6*r. Let b be q(3). Suppose -b*w + 15 = -201. Calculate the greatest common divisor of w and 12.
12
Let i(d) = 8*d + 3. Let p be i(6). Let l = 168 + -97. Suppose 0 = 5*b - 15, 0*c + b - l = -2*c. Calculate the greatest common factor of p and c.
17
Suppose -2*p = -f + 59, 3*f - 304 = -3*p - 82. Suppose -o = -305 - f. Let u be o/4 - (-3)/2. What is the highest common divisor of 38 and u?
19
Let l be (-18)/(-7)*70/15. Let u = 516 + -324. What is the greatest common divisor of u and l?
12
Suppose -348 = -9*f + 255. Calculate the highest common divisor of f and 134.
67
Let s = 9 - 5. Suppose -s*f + 59 = 19. Suppose 0 = 3*y - y - 160. Calculate the highest common divisor of y and f.
10
Let u = 218 - 38. Calculate the highest common factor of u and 75.
15
Suppose v + 2*r = 37, 0 = 5*v - 5*r - 117 - 98. Let f = -18 + v. Calculate the highest common factor of f and 161.
23
Let o = 328 + -325. Calculate the greatest common divisor of o and 28.
1
Let b = 41 - 24. Suppose -8*y = 10*y - 2754. Calculate the highest common divisor of b and y.
17
Let n be 1*512*(-14 - (-1342)/88). Calculate the highest common factor of 24 and n.
8
Let n = 44 - 0. Let k = 3891 - 3880. What is the greatest common divisor of n and k?
11
Let q(k) = k**2 - 6*k + 5. Let i be q(7). Let r = 1052 - 896. What is the greatest common divisor of r and i?
12
Let a be 30*((-75)/9 + 10). What is the highest common divisor of a and 90?
10
Suppose -3*j + c = -7*j + 403, 3*j = 2*c + 305. Let u = j - 20. Calculate the highest common factor of u and 9.
9
Let y = 78 - 56. Let j = -64 + 66. Suppose -y - 14 = -j*x. Calculate the greatest common divisor of x and 2.
2
Suppose 3*u + 48 + 66 = 0. Let g = u - -53. Let v = g + -14. What is the highest common factor of 3 and v?
1
Let y be 306/150*5 - (-2)/(-10). What is the highest common factor of 280 and y?
10
Let n = 435 + -431. Calculate the highest common factor of n and 28.
4
Let m(y) = 4*y**2 - y - 2. Let g be m(-2). Let p be 129/4 + (-4)/g. Suppose 2*s = -0*s + p. What is the highest common factor of s and 48?
16
Suppose h = -8*h + 243. Calculate the greatest common divisor of h and 6.
3
Suppose 0 = 3*g + 9, -2*z + g = -0*z - 3. Suppose z = 2*j + 4, 5*f - 387 = 4*j - 129. Calculate the greatest common factor of 10 and f.
10
Suppose -2*n + 15 = n. Suppose -7 = 3*l - 5*t, -9 = -4*l + 2*t + n. What is the highest common factor of 6 and l?
6
Suppose 163*a = 164*a - 40. What is the greatest common divisor of a and 30?
10
Suppose -3 = f + 1, 5*k - 230 = 5*f. Let o = -25 + k. What is the highest common factor of o and 34?
17
Let p(c) = -c**3 - c**2 + 16*c - 40. Let g be p(-8). Suppose 7*s = 2*s - q + 205, -4*s + 140 = -4*q. Calculate the greatest common factor of g and s.
40
Let z(d) = 6*d**2 - 102*d - 16. Let q be z(18). Calculate the greatest common factor of 644 and q.
92
Suppose i - 119 = 3*f, -2*i + 31 + 186 = f. What is the greatest common divisor of 190 and i?
10
Let v be 234/(-91)*(-3)/(18/56). Calculate the highest common divisor of 552 and v.
24
Suppose 23*b = 18*b + 7630. Let c be b/10 + 3/(-5). What is the greatest common factor of c and 19?
19
Suppose -168 = -13*u + 10*u. Suppose -u = -p - p. Let w be (-2)/4 + 9/2. What is the highest common factor of w and p?
4
Let k(g) = -g**3 - 65*g**2 - 199*g - 157. Let o be k(-62). What is the greatest common factor of o and 118?
59
Suppose 13*y - 1430 - 4251 = 0. What is the greatest common factor of y and 46?
23
Let h = -432 + 506. What is the greatest common factor of 4 and h?
2
Let z(r) = -r**3 + 9*r**2 - 5*r - 22. Let a be z(6). Let t = 19 - -23. Calculate the highest common factor of a and t.
14
Let j = -119 + 231. Let g be -5 + (-15)/(-5) + 5. Suppose -r + m + 26 = 0, -29 + 111 = g*r - m. What is the highest common divisor of r and j?
28
Let p(f) = 8 - 14*f + 7 + 13 + 13*f. Let m be p(14). Calculate the highest common divisor of m and 70.
14
Let m(b) = -14*b + 3. Let i(g) = -g - 1. Let s(p) = 3*i(p) - m(p). Let o be s(16). What is the highest common divisor of o and 10?
10
Let l(z) = 146*z + 1. Let o be l(4). Suppose -24 - o = -3*q. Suppose 0 = -0*r + 2*r - 58. Calculate the greatest common divisor of r and q.
29
Let n = -6 - -14. Suppose n = 5*i - 7. Suppose 4*k + 15 + 3 = i*g, 4*g - 14 = 2*k. Calculate the highest common factor of 2 and g.
2
Suppose -k = 4*j - 18, -5 + 14 = k + j. Suppose -28 = 2*m - k*m. What is the greatest common divisor of m and 56?
7
Let u(v) = v**2 - 9*v - 1. Suppose -y + 13 = 2*a - 1, -5*y + 3*a = -44. Let m be u(y). Calculate the greatest common divisor of 36 and m.
9
Suppose 5*b = t + 3*b + 5, t + 2*b - 15 = 0. Suppose o = 6*i - 4*i + 14, -2*o + 37 = t*i. Calculate the highest common factor of 8 and o.
8
Let g = -151 + 417. Suppose 4*i = -3*r + 806, -r + 2*r - g = -4*i. Suppose 5*s + 8*m - 440 = 3*m, 3*s + 5*m = r. What is the greatest common factor of 34 and s?
17
Suppose 26*q - 32 = 25*q. Let k = 79 - 31. Calculate the highest common factor of k and q.
16
Let t be 52/(-6)*12/(-8). Suppose -12*c = -t*c + 8. What is the highest common factor of c and 4?
4
Suppose -6 = -3*c - 393. Let n = c - -133. Calculate the highest common divisor of 8 and n.
4
Let i(g) = g**3 - 18*g**2 + 31*g + 34. Let m be i(16). Calculate the greatest common factor of 15 and m.
3
Let i(t) = 80*t - 7. Let z be i(6). Let o = -250 + z. Suppose 0 = -4*a + o + 217. What is the highest common factor of a and 22?
22
Let g be ((-5)/3 + 1)*(-513)/38. Let s(u) = -3*u**2 - 1 + 5*u - 1 - u**3 - 4. Let w be s(-6). Calculate the highest common factor of g and w.
9
Suppose 10*u - 44 = 26. Let k(n) = n**3 - 8*n**2 + 17*n + 10. Let m be k(u). What is the highest common factor of m and 10?
10
Let r be 447 + (4 - (2 + 1)). Suppose -25*c = -23*c - r. What is the highest common factor of c and 32?
32
Suppose 3 = -3*f, -3*m = 2*f + 2*f + 4. Suppose m*i = 2*i - 4, t - 3*i - 9 = 0. What is the highest common factor of t and 30?
15
Let k = 199 + -110. Let d = -59 + k. Calculate the greatest common factor of 6 and d.
6
Let f = 384 + -292. What is the highest common 